{"id":58,"date":"2025-11-22T14:27:59","date_gmt":"2025-11-22T17:27:59","guid":{"rendered":"https:\/\/sintesisbr.com.br\/?page_id=58"},"modified":"2025-12-04T14:38:52","modified_gmt":"2025-12-04T17:38:52","slug":"empresa","status":"publish","type":"page","link":"https:\/\/sintesisbr.com.br\/index.php\/empresa\/","title":{"rendered":"Empresa"},"content":{"rendered":"\n<style>\n\/* T\u00cdTULO SE\u00c7\u00c3O *\/\n.sb-sobre-title {\n  font-size: 24px !important;\n  font-weight: 700 !important;\n  color: #B38B00 !important;\n  letter-spacing: 3px;\n  margin-bottom: 12px;\n  display: block;\n}\n\n\/* T\u00cdTULO PRINCIPAL *\/\n.sb-sobre-h1 {\n  font-size: 42px !important;\n  font-weight: 600 !important;\n  line-height: 1.1 !important;\n  color: #121212 !important;\n  margin-bottom: 25px;\n  max-width: 800px;\n}\n\n\/* TEXTOS *\/\n.sb-sobre-text p {\n  font-size: 18px !important;\n  line-height: 1.55 !important;\n  color: #505050 !important;\n  margin-bottom: 18px;\n  max-width: 900px;\n}\n\n\/* RESPONSIVO *\/\n@media (max-width: 768px) {\n  .sb-sobre-h1 { font-size: 32px!important; }\n  .sb-sobre-text p { font-size: 17px!important; }\n}\n<\/style>\n\n<span class=\"sb-sobre-title\">SOBRE A SINTESIS BRASIL<\/span>\n\n\n\n<div class=\"sb-sobre-text\">\n<p>A Sintesis Brasil \u00e9 uma empresa especializada na presta\u00e7\u00e3o de servi\u00e7os de an\u00e1lise de cr\u00e9dito, qualifica\u00e7\u00e3o de fornecedores, e cobran\u00e7as nacionais e internacionais. Ocupamos posi\u00e7\u00e3o de lideran\u00e7a nesse mercado onde atendemos a clientes que visam minimizar riscos e maximizar resultados.<\/p>\n\n<p>Possuidora de um hist\u00f3rico operacional ascendente nossa empresa segue conquistando clientes em diversos segmentos, mantendo nesses mais de 25 anos de atividades, o direcionamento inicial de estrito zelo pela qualidade e efici\u00eancia de nossos servi\u00e7os.<\/p>\n\n<p>Nosso foco \u00e9 fornecer servi\u00e7os de alta qualidade, com efici\u00eancia e confiabilidade, que possibilitam a nossos clientes operar com baixos \u00edndices de inadimpl\u00eancia em sua carteira de clientes, auxiliam a selecionar e manter um seleto grupo de fornecedores e buscam recuperar as perdas havidas em caso de eventual inadimpl\u00eancia.<\/p>\n\n<p>Nossas atividades se iniciaram em 1999 no Brasil com a combina\u00e7\u00e3o da experi\u00eancia de mais de 50 anos do nosso grupo controlador, atrav\u00e9s da empresa Sintesis SRL, localizada em Buenos Aires, Argentina e de profissionais do mercado brasileiro com carreira consolidada em grandes empresas do setor.<\/p>\n\n<p>Desde a nossa funda\u00e7\u00e3o em 1999 mantivemos as diretrizes que possibilitaram nosso grupo manter trajet\u00f3ria ascendente em seu segmento e consolidamos nas \u00faltimas d\u00e9cadas presen\u00e7a nos principais pa\u00edses da Am\u00e9rica Latina. Contamos com opera\u00e7\u00f5es no Brasil, Argentina, Uruguai e M\u00e9xico e com uma ampla rede de correspondentes em diversos pa\u00edses temos a capacidade de oferecer a nossos clientes servi\u00e7os com cobertura global.<\/p>\n<\/div>\n\n\n\n<p><\/p>\n","protected":false},"excerpt":{"rendered":"<p>SOBRE A SINTESIS BRASIL A Sintesis Brasil \u00e9 uma empresa especializada na presta\u00e7\u00e3o de servi\u00e7os de an\u00e1lise de cr\u00e9dito, qualifica\u00e7\u00e3o [&hellip;]<\/p>\n","protected":false},"author":1,"featured_media":0,"parent":0,"menu_order":0,"comment_status":"closed","ping_status":"closed","template":"","meta":{"site-sidebar-layout":"default","site-content-layout":"","ast-site-content-layout":"default","site-content-style":"default","site-sidebar-style":"default","ast-global-header-display":"","ast-banner-title-visibility":"","ast-main-header-display":"","ast-hfb-above-header-display":"","ast-hfb-below-header-display":"","ast-hfb-mobile-header-display":"","site-post-title":"","ast-breadcrumbs-content":"","ast-featured-img":"","footer-sml-layout":"","ast-disable-related-posts":"","theme-transparent-header-meta":"","adv-header-id-meta":"","stick-header-meta":"","header-above-stick-meta":"","header-main-stick-meta":"","header-below-stick-meta":"","astra-migrate-meta-layouts":"default","ast-page-background-enabled":"default","ast-page-background-meta":{"desktop":{"background-color":"var(--ast-global-color-5)","background-image":"","background-repeat":"repeat","background-position":"center center","background-size":"auto","background-attachment":"scroll","background-type":"","background-media":"","overlay-type":"","overlay-color":"","overlay-opacity":"","overlay-gradient":""},"tablet":{"background-color":"","background-image":"","background-repeat":"repeat","background-position":"center center","background-size":"auto","background-attachment":"scroll","background-type":"","background-media":"","overlay-type":"","overlay-color":"","overlay-opacity":"","overlay-gradient":""},"mobile":{"background-color":"","background-image":"","background-repeat":"repeat","background-position":"center center","background-size":"auto","background-attachment":"scroll","background-type":"","background-media":"","overlay-type":"","overlay-color":"","overlay-opacity":"","overlay-gradient":""}},"ast-content-background-meta":{"desktop":{"background-color":"var(--ast-global-color-4)","background-image":"","background-repeat":"repeat","background-position":"center center","background-size":"auto","background-attachment":"scroll","background-type":"","background-media":"","overlay-type":"","overlay-color":"","overlay-opacity":"","overlay-gradient":""},"tablet":{"background-color":"var(--ast-global-color-4)","background-image":"","background-repeat":"repeat","background-position":"center center","background-size":"auto","background-attachment":"scroll","background-type":"","background-media":"","overlay-type":"","overlay-color":"","overlay-opacity":"","overlay-gradient":""},"mobile":{"background-color":"var(--ast-global-color-4)","background-image":"","background-repeat":"repeat","background-position":"center center","background-size":"auto","background-attachment":"scroll","background-type":"","background-media":"","overlay-type":"","overlay-color":"","overlay-opacity":"","overlay-gradient":""}},"footnotes":""},"class_list":["post-58","page","type-page","status-publish","hentry"],"_links":{"self":[{"href":"https:\/\/sintesisbr.com.br\/index.php\/wp-json\/wp\/v2\/pages\/58","targetHints":{"allow":["GET"]}}],"collection":[{"href":"https:\/\/sintesisbr.com.br\/index.php\/wp-json\/wp\/v2\/pages"}],"about":[{"href":"https:\/\/sintesisbr.com.br\/index.php\/wp-json\/wp\/v2\/types\/page"}],"author":[{"embeddable":true,"href":"https:\/\/sintesisbr.com.br\/index.php\/wp-json\/wp\/v2\/users\/1"}],"replies":[{"embeddable":true,"href":"https:\/\/sintesisbr.com.br\/index.php\/wp-json\/wp\/v2\/comments?post=58"}],"version-history":[{"count":7,"href":"https:\/\/sintesisbr.com.br\/index.php\/wp-json\/wp\/v2\/pages\/58\/revisions"}],"predecessor-version":[{"id":162,"href":"https:\/\/sintesisbr.com.br\/index.php\/wp-json\/wp\/v2\/pages\/58\/revisions\/162"}],"wp:attachment":[{"href":"https:\/\/sintesisbr.com.br\/index.php\/wp-json\/wp\/v2\/media?parent=58"}],"curies":[{"name":"wp","href":"https:\/\/api.w.org\/{rel}","templated":true}]}}